{"id":1301,"date":"2024-02-20T07:53:30","date_gmt":"2024-02-20T06:53:30","guid":{"rendered":"https:\/\/stowarzyszeniemost.pl\/?page_id=1301"},"modified":"2026-03-07T17:06:29","modified_gmt":"2026-03-07T16:06:29","slug":"uchwala","status":"publish","type":"page","link":"https:\/\/stowarzyszeniemost.pl\/index.php\/uchwala\/","title":{"rendered":"uchwala"},"content":{"rendered":"\t\t<div data-elementor-type=\"wp-page\" data-elementor-id=\"1301\" class=\"elementor elementor-1301\">\n\t\t\t\t<div class=\"elementor-element elementor-element-7d888567 e-flex e-con-boxed e-con e-parent\" data-id=\"7d888567\" data-element_type=\"container\" data-e-type=\"container\">\n\t\t\t\t\t<div class=\"e-con-inner\">\n\t\t<div class=\"elementor-element elementor-element-5765e804 e-con-full elementor-hidden-mobile e-flex e-con e-child\" data-id=\"5765e804\" data-element_type=\"container\" data-e-type=\"container\" data-settings=\"{&quot;background_background&quot;:&quot;classic&quot;}\">\n\t\t\t\t<\/div>\n\t\t<div class=\"elementor-element elementor-element-6946b1d e-con-full e-flex e-con e-child\" data-id=\"6946b1d\" data-element_type=\"container\" data-e-type=\"container\" data-settings=\"{&quot;background_background&quot;:&quot;classic&quot;}\">\n\t\t\t\t<div class=\"elementor-element elementor-element-4398365b elementor-widget elementor-widget-heading\" data-id=\"4398365b\" data-element_type=\"widget\" data-e-type=\"widget\" data-widget_type=\"heading.default\">\n\t\t\t\t<div class=\"elementor-widget-container\">\n\t\t\t\t\t<h3 class=\"elementor-heading-title elementor-size-default\">CZAS NA<br>UCHWA\u0141\u0118!<\/h3>\t\t\t\t<\/div>\n\t\t\t\t<\/div>\n\t\t\t\t<\/div>\n\t\t<div class=\"elementor-element elementor-element-54aa45c6 e-con-full elementor-hidden-mobile e-flex e-con e-child\" data-id=\"54aa45c6\" data-element_type=\"container\" data-e-type=\"container\" data-settings=\"{&quot;background_background&quot;:&quot;classic&quot;}\">\n\t\t\t\t<\/div>\n\t\t\t\t\t<\/div>\n\t\t\t\t<\/div>\n\t\t<div class=\"elementor-element elementor-element-638a560c e-flex e-con-boxed e-con e-parent\" data-id=\"638a560c\" data-element_type=\"container\" data-e-type=\"container\" data-settings=\"{&quot;background_background&quot;:&quot;classic&quot;}\">\n\t\t\t\t\t<div class=\"e-con-inner\">\n\t\t<div class=\"elementor-element elementor-element-167d11cc e-con-full elementor-hidden-mobile e-flex e-con e-child\" data-id=\"167d11cc\" data-element_type=\"container\" data-e-type=\"container\" data-settings=\"{&quot;background_background&quot;:&quot;classic&quot;}\">\n\t\t\t\t<\/div>\n\t\t<div class=\"elementor-element elementor-element-3d3d700b e-con-full e-flex e-con e-child\" data-id=\"3d3d700b\" data-element_type=\"container\" data-e-type=\"container\" data-settings=\"{&quot;background_background&quot;:&quot;classic&quot;}\">\n\t\t\t\t<div class=\"elementor-element elementor-element-393ec859 elementor-widget elementor-widget-text-editor\" data-id=\"393ec859\" data-element_type=\"widget\" data-e-type=\"widget\" data-widget_type=\"text-editor.default\">\n\t\t\t\t<div class=\"elementor-widget-container\">\n\t\t\t\t\t\t\t\t\t<h5>Od wielu miesi\u0119cy walczymy o zachowanie rekreacyjnego charakteru wybrze\u017ca nad Sanem. Niestety, miasto wci\u0105\u017c ignoruje najwa\u017cniejsze uwagi strony spo\u0142ecznej. Zamiast prawdziwych konsultacji mamy pseudokonsultacje, sprowadzaj\u0105ce si\u0119 jedynie do prezentacji pomys\u0142\u00f3w Zarz\u0105du Dr\u00f3g MIejskich. Pomys\u0142\u00f3w zupe\u0142nie nie uwzgl\u0119dniaj\u0105cych wsp\u00f3\u0142czesnych trend\u00f3w urz\u0105dzania tego typu przestrzeni. Dlatego \u2013 pierwszy raz w historii Przemy\u015bla \u2013 chcemy wprowadzi\u0107 temat na Rad\u0119 Miejsk\u0105 korzystaj\u0105c z instrumentu, jakim jest obywatelska inicjatywa uchwa\u0142odawcza.<\/h5>\n<p>W ostatnich miesi\u0105cach podejmowali\u015bmy liczne pr\u00f3by dialogu z prezydentem miasta. Na podstawie dost\u0119pnych dokument\u00f3w przygotowali\u015bmy wizualizacj\u0119 zorganizowali\u015bmy te\u017c kilka akcji informacyjnych, przeprowadzili\u015bmy profesjonalne badanie ankietowe oraz udost\u0119pnili\u015bmy opinie specjalist\u00f3w i ekspert\u00f3w. Przygotowali\u015bmy te\u017c alternatywn\u0105 wizj\u0119 zmian w przestrzeni wok\u00f3\u0142 mostu kolejowego &#8211; propozycj\u0119 stworzenia pleneru muzealnego. Teraz czas na uchwa\u0142\u0119 w sprawie zasad przebudowy i modernizacji ulic: 22 Stycznia oraz Wybrze\u017ce Ojca \u015awi\u0119tego Jana Paw\u0142a II w Przemy\u015blu.<\/p>\n<p>Chcemy w najbli\u017cszym czasie zebra\u0107 co najmniej 300 podpis\u00f3w mieszka\u0144c\u00f3w pod przygotowanym przez nas projektem uchwa\u0142y, kt\u00f3ra wymusi na w\u0142adzach miasta prowadzenie rzetelnych konsultacji spo\u0142ecznych przed zleceniem kolejnych prac na promenadzie nad Sanem&#8230; Projekt powsta\u0142 w konsultacji z mieszka\u0144cami, innymi organizacjami spo\u0142ecznymi a tak\u017ce Stowarzyszeniem Architekt\u00f3w Rzeczypospolitej Polskiej SARP.<\/p>\n<p>To naszym zdaniem jedyna dzi\u015b szansa, na zatrzymanie obecnych praktyk w\u0142adz miasta, kt\u00f3re sprowadzaj\u0105 si\u0119 do zaskakiwaniu mieszka\u0144c\u00f3w radykalnymi zmianami w przestrzeni miasta. Tak by\u0142o przecie\u017c w przypadku remontu wschodniej pierzei Rynku, tak jest te\u017c w przypadku dokonanego ju\u017c podkopu pod mostem kolejowym. Podkopu, kt\u00f3ry oznacza utrudnienia w ruchu pieszych i wymusza znacznie mniej bezpieczne rozwi\u0105zania dla rowerzyst\u00f3w.<\/p>\n<p>Po raz pierwszy w historii miasta korzystamy z instrumentu, jakim jest obywatelska inicjatywa uchwa\u0142odawcza. Co najmniej 300 podpis\u00f3w pozwoli wprowadzi\u0107 projekt i przedstawi\u0107 go na sesji Rady Miejskiej w Przemy\u015blu.<\/p>\n<p>Liczymy, \u017ce radni &#8211; w przeciwie\u0144stwie do prezydenta miasta &#8211; nie zignoruj\u0105 g\u0142os\u00f3w mieszka\u0144c\u00f3w i uchwa\u0142a wejdzie w \u017cycie. Uchwa\u0142a, naszym zdaniem, zabezpieczy najwa\u017cniejszy interes mieszka\u0144c\u00f3w: zachowanie rekreacyjnego charakteru deptaku nad Sanem. Dokument zobowi\u0105zuje te\u017c miasto do przeprowadzenia konsultacji spo\u0142ecznych przed zleceniem prac projektowych czy budowlanych i podkre\u015bla konieczno\u015b\u0107 ochrony istniej\u0105cego drzewostanu i innych form zieleni przy wykorzystaniu Standardu Ochrony Drzew.<\/p>\n<p>Poni\u017cej znajdziecie list\u0119 poparcia i tekst uchwa\u0142y, wraz z uzasadnieniem.<\/p>\t\t\t\t\t\t\t\t<\/div>\n\t\t\t\t<\/div>\n\t\t\t\t<\/div>\n\t\t<div class=\"elementor-element elementor-element-67b8ccdf e-con-full elementor-hidden-mobile e-flex e-con e-child\" data-id=\"67b8ccdf\" data-element_type=\"container\" data-e-type=\"container\" data-settings=\"{&quot;background_background&quot;:&quot;classic&quot;}\">\n\t\t\t\t<\/div>\n\t\t\t\t\t<\/div>\n\t\t\t\t<\/div>\n\t\t<div class=\"elementor-element elementor-element-11bb2959 e-flex e-con-boxed e-con e-parent\" data-id=\"11bb2959\" data-element_type=\"container\" data-e-type=\"container\" data-settings=\"{&quot;background_background&quot;:&quot;classic&quot;}\">\n\t\t\t\t\t<div class=\"e-con-inner\">\n\t\t<div class=\"elementor-element elementor-element-5e299fb5 e-con-full elementor-hidden-mobile e-flex e-con e-child\" data-id=\"5e299fb5\" data-element_type=\"container\" data-e-type=\"container\" data-settings=\"{&quot;background_background&quot;:&quot;classic&quot;}\">\n\t\t\t\t<\/div>\n\t\t<a class=\"elementor-element elementor-element-5aa74d88 e-con-full e-flex e-con e-child\" data-id=\"5aa74d88\" data-element_type=\"container\" data-e-type=\"container\" data-settings=\"{&quot;background_background&quot;:&quot;classic&quot;}\" href=\"https:\/\/stowarzyszeniemost.pl\/index.php\/uchwala-pdf\/\">\n\t\t<div class=\"elementor-element elementor-element-2f270af e-flex e-con-boxed e-con e-child\" data-id=\"2f270af\" data-element_type=\"container\" data-e-type=\"container\">\n\t\t\t\t\t<div class=\"e-con-inner\">\n\t\t\t\t<div class=\"elementor-element elementor-element-2adb34b3 elementor-widget elementor-widget-heading\" data-id=\"2adb34b3\" data-element_type=\"widget\" data-e-type=\"widget\" data-widget_type=\"heading.default\">\n\t\t\t\t<div class=\"elementor-widget-container\">\n\t\t\t\t\t<h5 class=\"elementor-heading-title elementor-size-default\">UCHWA\u0141A<\/h5>\t\t\t\t<\/div>\n\t\t\t\t<\/div>\n\t\t\t\t<div class=\"elementor-element elementor-element-31cb3853 elementor-widget elementor-widget-text-editor\" data-id=\"31cb3853\" data-element_type=\"widget\" data-e-type=\"widget\" data-widget_type=\"text-editor.default\">\n\t\t\t\t<div class=\"elementor-widget-container\">\n\t\t\t\t\t\t\t\t\t<p>849 Mieszka\u0144c\u00f3w popar\u0142o uchwa\u0142\u0119. W linku pe\u0142na tre\u015b\u0107 Uchwa\u0142y w sprawie zasad przebudowy i modernizacji ulic: 22 Stycznia oraz Wybrze\u017ce Ojca \u015awi\u0119tego Jana Paw\u0142a II w Przemy\u015blu.<\/p>\t\t\t\t\t\t\t\t<\/div>\n\t\t\t\t<\/div>\n\t\t\t\t\t<\/div>\n\t\t\t\t<\/div>\n\t\t\t\t<div class=\"elementor-element elementor-element-24bd8abc elementor-view-default elementor-widget elementor-widget-icon\" data-id=\"24bd8abc\" data-element_type=\"widget\" data-e-type=\"widget\" data-widget_type=\"icon.default\">\n\t\t\t\t<div class=\"elementor-widget-container\">\n\t\t\t\t\t\t\t<div class=\"elementor-icon-wrapper\">\n\t\t\t<div class=\"elementor-icon\">\n\t\t\t<svg xmlns=\"http:\/\/www.w3.org\/2000\/svg\" xmlns:xlink=\"http:\/\/www.w3.org\/1999\/xlink\" id=\"Layer_1\" x=\"0px\" y=\"0px\" viewBox=\"0 0 57.46 46.61\" style=\"enable-background:new 0 0 57.46 46.61;\" xml:space=\"preserve\"><style type=\"text\/css\">\t.st0{fill:#1D1D1B;}<\/style><g>\t<rect y=\"19.55\" class=\"st0\" width=\"52.21\" height=\"7.5\"><\/rect>\t\t\t<rect x=\"39.4\" y=\"-2.17\" transform=\"matrix(0.7071 -0.7071 0.7071 0.7071 2.5253 34.7034)\" class=\"st0\" width=\"7.5\" height=\"32.96\"><\/rect>\t\t\t<rect x=\"26.68\" y=\"28.55\" transform=\"matrix(0.7071 -0.7071 0.7071 0.7071 -10.2026 39.9754)\" class=\"st0\" width=\"32.96\" height=\"7.5\"><\/rect><\/g><\/svg>\t\t\t<\/div>\n\t\t<\/div>\n\t\t\t\t\t\t<\/div>\n\t\t\t\t<\/div>\n\t\t\t\t<\/a>\n\t\t<a class=\"elementor-element elementor-element-fbfb641 e-con-full e-flex e-con e-child\" data-id=\"fbfb641\" data-element_type=\"container\" data-e-type=\"container\" data-settings=\"{&quot;background_background&quot;:&quot;classic&quot;}\" href=\"https:\/\/stowarzyszeniemost.pl\/index.php\/lista-poparcia\/\">\n\t\t\t\t<div class=\"elementor-element elementor-element-e04a4e3 elementor-widget elementor-widget-counter\" data-id=\"e04a4e3\" data-element_type=\"widget\" data-e-type=\"widget\" data-widget_type=\"counter.default\">\n\t\t\t\t<div class=\"elementor-widget-container\">\n\t\t\t\t\t\t\t<div class=\"elementor-counter\">\n\t\t\t\t\t\t<div class=\"elementor-counter-number-wrapper\">\n\t\t\t\t<span class=\"elementor-counter-number-prefix\"><\/span>\n\t\t\t\t<span class=\"elementor-counter-number\" data-duration=\"2000\" data-to-value=\"849\" data-from-value=\"0\" data-delimiter=\",\">0<\/span>\n\t\t\t\t<span class=\"elementor-counter-number-suffix\"><\/span>\n\t\t\t<\/div>\n\t\t<\/div>\n\t\t\t\t\t\t<\/div>\n\t\t\t\t<\/div>\n\t\t\t\t<\/a>\n\t\t<div class=\"elementor-element elementor-element-1277f2f7 e-con-full elementor-hidden-mobile e-flex e-con e-child\" data-id=\"1277f2f7\" data-element_type=\"container\" data-e-type=\"container\" data-settings=\"{&quot;background_background&quot;:&quot;classic&quot;}\">\n\t\t\t\t<\/div>\n\t\t\t\t\t<\/div>\n\t\t\t\t<\/div>\n\t\t<div class=\"elementor-element elementor-element-dba2a3f e-flex e-con-boxed e-con e-parent\" data-id=\"dba2a3f\" data-element_type=\"container\" data-e-type=\"container\" data-settings=\"{&quot;background_background&quot;:&quot;classic&quot;}\">\n\t\t\t\t\t<div class=\"e-con-inner\">\n\t\t<div class=\"elementor-element elementor-element-59154d6 e-con-full elementor-hidden-mobile e-flex e-con e-child\" data-id=\"59154d6\" data-element_type=\"container\" data-e-type=\"container\" data-settings=\"{&quot;background_background&quot;:&quot;classic&quot;}\">\n\t\t\t\t<\/div>\n\t\t<a class=\"elementor-element elementor-element-a95d0c7 e-con-full e-flex e-con e-child\" data-id=\"a95d0c7\" data-element_type=\"container\" data-e-type=\"container\" data-settings=\"{&quot;background_background&quot;:&quot;classic&quot;}\" href=\"http:\/\/stowarzyszeniemost.pl\/index.php\/ankieta\/\">\n\t\t<div class=\"elementor-element elementor-element-7661a6e e-flex e-con-boxed e-con e-child\" data-id=\"7661a6e\" data-element_type=\"container\" data-e-type=\"container\">\n\t\t\t\t\t<div class=\"e-con-inner\">\n\t\t\t\t<div class=\"elementor-element elementor-element-76a8475 elementor-widget elementor-widget-heading\" data-id=\"76a8475\" data-element_type=\"widget\" data-e-type=\"widget\" data-widget_type=\"heading.default\">\n\t\t\t\t<div class=\"elementor-widget-container\">\n\t\t\t\t\t<h5 class=\"elementor-heading-title elementor-size-default\">ANKIETA<\/h5>\t\t\t\t<\/div>\n\t\t\t\t<\/div>\n\t\t\t\t<div class=\"elementor-element elementor-element-2a5a265 elementor-widget elementor-widget-text-editor\" data-id=\"2a5a265\" data-element_type=\"widget\" data-e-type=\"widget\" data-widget_type=\"text-editor.default\">\n\t\t\t\t<div class=\"elementor-widget-container\">\n\t\t\t\t\t\t\t\t\tJak mieszka\u0144cy przemy\u015bla postrzegaj\u0105 wybrze\u017ce zasa\u0144skie? W okresie od sierpnia do pa\u017adziernika przebadali\u015bmy 800 respondent\u00f3w.\t\t\t\t\t\t\t\t<\/div>\n\t\t\t\t<\/div>\n\t\t\t\t\t<\/div>\n\t\t\t\t<\/div>\n\t\t\t\t<div class=\"elementor-element elementor-element-c84c627 elementor-view-default elementor-widget elementor-widget-icon\" data-id=\"c84c627\" data-element_type=\"widget\" data-e-type=\"widget\" data-widget_type=\"icon.default\">\n\t\t\t\t<div class=\"elementor-widget-container\">\n\t\t\t\t\t\t\t<div class=\"elementor-icon-wrapper\">\n\t\t\t<div class=\"elementor-icon\">\n\t\t\t<svg xmlns=\"http:\/\/www.w3.org\/2000\/svg\" xmlns:xlink=\"http:\/\/www.w3.org\/1999\/xlink\" id=\"Layer_1\" x=\"0px\" y=\"0px\" viewBox=\"0 0 57.46 46.61\" style=\"enable-background:new 0 0 57.46 46.61;\" xml:space=\"preserve\"><style type=\"text\/css\">\t.st0{fill:#1D1D1B;}<\/style><g>\t<rect y=\"19.55\" class=\"st0\" width=\"52.21\" height=\"7.5\"><\/rect>\t\t\t<rect x=\"39.4\" y=\"-2.17\" transform=\"matrix(0.7071 -0.7071 0.7071 0.7071 2.5253 34.7034)\" class=\"st0\" width=\"7.5\" height=\"32.96\"><\/rect>\t\t\t<rect x=\"26.68\" y=\"28.55\" transform=\"matrix(0.7071 -0.7071 0.7071 0.7071 -10.2026 39.9754)\" class=\"st0\" width=\"32.96\" height=\"7.5\"><\/rect><\/g><\/svg>\t\t\t<\/div>\n\t\t<\/div>\n\t\t\t\t\t\t<\/div>\n\t\t\t\t<\/div>\n\t\t\t\t<\/a>\n\t\t<a class=\"elementor-element elementor-element-bd8a963 e-con-full e-flex e-con e-child\" data-id=\"bd8a963\" data-element_type=\"container\" data-e-type=\"container\" data-settings=\"{&quot;background_background&quot;:&quot;classic&quot;}\" href=\"https:\/\/stowarzyszeniemost.pl\/index.php\/plenermuzealny\/\">\n\t\t<div class=\"elementor-element elementor-element-6f05d4d e-flex e-con-boxed e-con e-child\" data-id=\"6f05d4d\" data-element_type=\"container\" data-e-type=\"container\">\n\t\t\t\t\t<div class=\"e-con-inner\">\n\t\t\t\t<div class=\"elementor-element elementor-element-dedf7a1 elementor-widget elementor-widget-heading\" data-id=\"dedf7a1\" data-element_type=\"widget\" data-e-type=\"widget\" data-widget_type=\"heading.default\">\n\t\t\t\t<div class=\"elementor-widget-container\">\n\t\t\t\t\t<h5 class=\"elementor-heading-title elementor-size-default\">PLENER MUZEALNY<\/h5>\t\t\t\t<\/div>\n\t\t\t\t<\/div>\n\t\t\t\t<div class=\"elementor-element elementor-element-b606ec0 elementor-widget elementor-widget-text-editor\" data-id=\"b606ec0\" data-element_type=\"widget\" data-e-type=\"widget\" data-widget_type=\"text-editor.default\">\n\t\t\t\t<div class=\"elementor-widget-container\">\n\t\t\t\t\t\t\t\t\t<p>Zachowanie historycznych prz\u0119se\u0142 mostu kolejowego i powstanie w jednym z nich ekspozycji muzealnej inspiruje do tworzenia nowej przestrzeni kulturalno-rozrywkowej, przyci\u0105gaj\u0105cej licznych mieszka\u0144c\u00f3w miasta<\/p>\t\t\t\t\t\t\t\t<\/div>\n\t\t\t\t<\/div>\n\t\t\t\t\t<\/div>\n\t\t\t\t<\/div>\n\t\t\t\t<div class=\"elementor-element elementor-element-96dce1f elementor-view-default elementor-widget elementor-widget-icon\" data-id=\"96dce1f\" data-element_type=\"widget\" data-e-type=\"widget\" data-widget_type=\"icon.default\">\n\t\t\t\t<div class=\"elementor-widget-container\">\n\t\t\t\t\t\t\t<div class=\"elementor-icon-wrapper\">\n\t\t\t<div class=\"elementor-icon\">\n\t\t\t<svg xmlns=\"http:\/\/www.w3.org\/2000\/svg\" xmlns:xlink=\"http:\/\/www.w3.org\/1999\/xlink\" id=\"Layer_1\" x=\"0px\" y=\"0px\" viewBox=\"0 0 57.46 46.61\" style=\"enable-background:new 0 0 57.46 46.61;\" xml:space=\"preserve\"><style type=\"text\/css\">\t.st0{fill:#1D1D1B;}<\/style><g>\t<rect y=\"19.55\" class=\"st0\" width=\"52.21\" height=\"7.5\"><\/rect>\t\t\t<rect x=\"39.4\" y=\"-2.17\" transform=\"matrix(0.7071 -0.7071 0.7071 0.7071 2.5253 34.7034)\" class=\"st0\" width=\"7.5\" height=\"32.96\"><\/rect>\t\t\t<rect x=\"26.68\" y=\"28.55\" transform=\"matrix(0.7071 -0.7071 0.7071 0.7071 -10.2026 39.9754)\" class=\"st0\" width=\"32.96\" height=\"7.5\"><\/rect><\/g><\/svg>\t\t\t<\/div>\n\t\t<\/div>\n\t\t\t\t\t\t<\/div>\n\t\t\t\t<\/div>\n\t\t\t\t<\/a>\n\t\t<div class=\"elementor-element elementor-element-be72b15 e-con-full elementor-hidden-mobile e-flex e-con e-child\" data-id=\"be72b15\" data-element_type=\"container\" data-e-type=\"container\" data-settings=\"{&quot;background_background&quot;:&quot;classic&quot;}\">\n\t\t\t\t<\/div>\n\t\t\t\t\t<\/div>\n\t\t\t\t<\/div>\n\t\t<div class=\"elementor-element elementor-element-44790cb e-flex e-con-boxed e-con e-parent\" data-id=\"44790cb\" data-element_type=\"container\" data-e-type=\"container\">\n\t\t\t\t\t<div class=\"e-con-inner\">\n\t\t\t\t\t<\/div>\n\t\t\t\t<\/div>\n\t\t\t\t<\/div>\n\t\t","protected":false},"excerpt":{"rendered":"<p>CZAS NAUCHWA\u0141\u0118! Od wielu miesi\u0119cy walczymy o zachowanie rekreacyjnego charakteru wybrze\u017ca nad Sanem. Niestety, miasto wci\u0105\u017c ignoruje najwa\u017cniejsze uwagi strony spo\u0142ecznej. Zamiast prawdziwych konsultacji mamy pseudokonsultacje, sprowadzaj\u0105ce si\u0119 jedynie do prezentacji pomys\u0142\u00f3w Zarz\u0105du Dr\u00f3g MIejskich. Pomys\u0142\u00f3w zupe\u0142nie nie uwzgl\u0119dniaj\u0105cych wsp\u00f3\u0142czesnych trend\u00f3w urz\u0105dzania tego typu przestrzeni. Dlatego \u2013 pierwszy raz w historii Przemy\u015bla \u2013 chcemy wprowadzi\u0107 [&hellip;]<\/p>\n","protected":false},"author":1,"featured_media":0,"parent":0,"menu_order":0,"comment_status":"closed","ping_status":"closed","template":"elementor_header_footer","meta":{"footnotes":""},"class_list":["post-1301","page","type-page","status-publish","hentry"],"_links":{"self":[{"href":"https:\/\/stowarzyszeniemost.pl\/index.php\/wp-json\/wp\/v2\/pages\/1301","targetHints":{"allow":["GET"]}}],"collection":[{"href":"https:\/\/stowarzyszeniemost.pl\/index.php\/wp-json\/wp\/v2\/pages"}],"about":[{"href":"https:\/\/stowarzyszeniemost.pl\/index.php\/wp-json\/wp\/v2\/types\/page"}],"author":[{"embeddable":true,"href":"https:\/\/stowarzyszeniemost.pl\/index.php\/wp-json\/wp\/v2\/users\/1"}],"replies":[{"embeddable":true,"href":"https:\/\/stowarzyszeniemost.pl\/index.php\/wp-json\/wp\/v2\/comments?post=1301"}],"version-history":[{"count":79,"href":"https:\/\/stowarzyszeniemost.pl\/index.php\/wp-json\/wp\/v2\/pages\/1301\/revisions"}],"predecessor-version":[{"id":2668,"href":"https:\/\/stowarzyszeniemost.pl\/index.php\/wp-json\/wp\/v2\/pages\/1301\/revisions\/2668"}],"wp:attachment":[{"href":"https:\/\/stowarzyszeniemost.pl\/index.php\/wp-json\/wp\/v2\/media?parent=1301"}],"curies":[{"name":"wp","href":"https:\/\/api.w.org\/{rel}","templated":true}]}}