{"id":1368,"date":"2024-02-26T23:48:46","date_gmt":"2024-02-26T22:48:46","guid":{"rendered":"https:\/\/stowarzyszeniemost.pl\/?page_id=1368"},"modified":"2024-02-27T00:08:52","modified_gmt":"2024-02-26T23:08:52","slug":"zniszczony-potencjal","status":"publish","type":"page","link":"https:\/\/stowarzyszeniemost.pl\/index.php\/zniszczony-potencjal\/","title":{"rendered":"zniszczony potencjal"},"content":{"rendered":"\t\t<div data-elementor-type=\"wp-page\" data-elementor-id=\"1368\" class=\"elementor elementor-1368\">\n\t\t\t\t<div class=\"elementor-element elementor-element-2513c5c5 e-flex e-con-boxed e-con e-parent\" data-id=\"2513c5c5\" data-element_type=\"container\" data-e-type=\"container\" data-settings=\"{&quot;background_background&quot;:&quot;classic&quot;}\">\n\t\t\t\t\t<div class=\"e-con-inner\">\n\t\t<div class=\"elementor-element elementor-element-1ff74d2c e-con-full elementor-hidden-mobile e-flex e-con e-child\" data-id=\"1ff74d2c\" data-element_type=\"container\" data-e-type=\"container\" data-settings=\"{&quot;background_background&quot;:&quot;classic&quot;}\">\n\t\t\t\t<\/div>\n\t\t<div class=\"elementor-element elementor-element-531c7354 e-con-full e-flex e-con e-child\" data-id=\"531c7354\" data-element_type=\"container\" data-e-type=\"container\" data-settings=\"{&quot;background_background&quot;:&quot;classic&quot;}\">\n\t\t\t\t<div class=\"elementor-element elementor-element-6cdbb8c0 elementor-widget elementor-widget-text-editor\" data-id=\"6cdbb8c0\" data-element_type=\"widget\" data-e-type=\"widget\" data-widget_type=\"text-editor.default\">\n\t\t\t\t<div class=\"elementor-widget-container\">\n\t\t\t\t\t\t\t\t\tW pierwszych tygodniach 2024 roku mogli\u015bmy ju\u017c naocznie przekona\u0107 si\u0119, \u017ce podkop pod mostem kolejowym &#8211; przeciw kt\u00f3remu protestowali\u015bmy &#8211; jest faktem. Przestrze\u0144 wok\u00f3\u0142 mostu kolejowego zmieni si\u0119&#8230; I b\u0119d\u0105 to zmiany &#8211; z punktu widzenia pieszych czy rowerzyst\u00f3w &#8211; fatalne. \n\nPodkop oznacza, \u017ce trudniej b\u0119dzie przej\u015b\u0107 przez jezdni\u0119 w tym miesjcu, wymusza te\u017c mniej bezpieczne rozwi\u0105zania dla rowerzyst\u00f3w, na dodatek na popularnym szlaku rowerowym Green Velo. Obni\u017cenie jezdni oznacza bowiem konieczno\u015b\u0107 postawienia barierki zabezpieczaj\u0105cej przed wypadni\u0119ciem ze \u015bcie\u017cki. Nikomu, kto je\u017adzi rowerem &#8211; szczeg\u00f3lnie po miejscach ch\u0119tnie eksplorowanych przez pieszych i rowerzyst\u00f3w &#8211; nie trzeba t\u0142umaczy\u0107, jak upiorne i irytuj\u0105ce s\u0105 takie rozwi\u0105zania&#8230;\n\nDlatego w\u0142a\u015bnie chcemy wymusi\u0107 na urz\u0119dnikach magistratu czy Zarz\u0105du Dr\u00f3g Miejskich obowi\u0105zek konsultacji spo\u0142ecznych, przed projektowaniem zmian w wa\u017cnej dla mieszka\u0144c\u00f3w przestrzeni miasta i podejmujemy inicjatyw\u0119 uchwa\u0142odawcz\u0105.\n\t\t\t\t\t\t\t\t<\/div>\n\t\t\t\t<\/div>\n\t\t\t\t<\/div>\n\t\t<div class=\"elementor-element elementor-element-68883bbd e-con-full elementor-hidden-mobile e-flex e-con e-child\" data-id=\"68883bbd\" data-element_type=\"container\" data-e-type=\"container\" data-settings=\"{&quot;background_background&quot;:&quot;classic&quot;}\">\n\t\t\t\t<\/div>\n\t\t\t\t\t<\/div>\n\t\t\t\t<\/div>\n\t\t<div class=\"elementor-element elementor-element-79441c35 e-flex e-con-boxed e-con e-parent\" data-id=\"79441c35\" data-element_type=\"container\" data-e-type=\"container\" data-settings=\"{&quot;background_background&quot;:&quot;classic&quot;}\">\n\t\t\t\t\t<div class=\"e-con-inner\">\n\t\t<div class=\"elementor-element elementor-element-4c5b7642 e-con-full elementor-hidden-mobile e-flex e-con e-child\" data-id=\"4c5b7642\" data-element_type=\"container\" data-e-type=\"container\" data-settings=\"{&quot;background_background&quot;:&quot;classic&quot;}\">\n\t\t\t\t<\/div>\n\t\t<a class=\"elementor-element elementor-element-50097299 e-con-full e-flex e-con e-child\" data-id=\"50097299\" data-element_type=\"container\" data-e-type=\"container\" data-settings=\"{&quot;background_background&quot;:&quot;classic&quot;}\" href=\"https:\/\/stowarzyszeniemost.pl\/index.php\/uchwala\/\">\n\t\t<div class=\"elementor-element elementor-element-712cbe0b e-flex e-con-boxed e-con e-child\" data-id=\"712cbe0b\" data-element_type=\"container\" data-e-type=\"container\">\n\t\t\t\t\t<div class=\"e-con-inner\">\n\t\t\t\t<div class=\"elementor-element elementor-element-46d06b08 elementor-widget elementor-widget-heading\" data-id=\"46d06b08\" data-element_type=\"widget\" data-e-type=\"widget\" data-widget_type=\"heading.default\">\n\t\t\t\t<div class=\"elementor-widget-container\">\n\t\t\t\t\t<h5 class=\"elementor-heading-title elementor-size-default\">\nCZAS NA UCHWA\u0141\u0118!<\/h5>\t\t\t\t<\/div>\n\t\t\t\t<\/div>\n\t\t\t\t<div class=\"elementor-element elementor-element-2e557e1b elementor-widget elementor-widget-text-editor\" data-id=\"2e557e1b\" data-element_type=\"widget\" data-e-type=\"widget\" data-widget_type=\"text-editor.default\">\n\t\t\t\t<div class=\"elementor-widget-container\">\n\t\t\t\t\t\t\t\t\t<p>Po raz pierwszy w historii Przemy\u015bla korzystamy z instrumentu, jakim jest obywatelska inicjatywa uchwa\u0142odawcza. Co najmniej 300 podpis\u00f3w pozwoli wprowadzi\u0107 spo\u0142eczny projekt na sesj\u0119 Rady Miejskiej w Przemy\u015blu<\/p>\t\t\t\t\t\t\t\t<\/div>\n\t\t\t\t<\/div>\n\t\t\t\t\t<\/div>\n\t\t\t\t<\/div>\n\t\t\t\t<div class=\"elementor-element elementor-element-65062f90 elementor-view-default elementor-widget elementor-widget-icon\" data-id=\"65062f90\" data-element_type=\"widget\" data-e-type=\"widget\" data-widget_type=\"icon.default\">\n\t\t\t\t<div class=\"elementor-widget-container\">\n\t\t\t\t\t\t\t<div class=\"elementor-icon-wrapper\">\n\t\t\t<div class=\"elementor-icon\">\n\t\t\t<svg xmlns=\"http:\/\/www.w3.org\/2000\/svg\" xmlns:xlink=\"http:\/\/www.w3.org\/1999\/xlink\" id=\"Layer_1\" x=\"0px\" y=\"0px\" viewBox=\"0 0 57.46 46.61\" style=\"enable-background:new 0 0 57.46 46.61;\" xml:space=\"preserve\"><style type=\"text\/css\">\t.st0{fill:#1D1D1B;}<\/style><g>\t<rect y=\"19.55\" class=\"st0\" width=\"52.21\" height=\"7.5\"><\/rect>\t\t\t<rect x=\"39.4\" y=\"-2.17\" transform=\"matrix(0.7071 -0.7071 0.7071 0.7071 2.5253 34.7034)\" class=\"st0\" width=\"7.5\" height=\"32.96\"><\/rect>\t\t\t<rect x=\"26.68\" y=\"28.55\" transform=\"matrix(0.7071 -0.7071 0.7071 0.7071 -10.2026 39.9754)\" class=\"st0\" width=\"32.96\" height=\"7.5\"><\/rect><\/g><\/svg>\t\t\t<\/div>\n\t\t<\/div>\n\t\t\t\t\t\t<\/div>\n\t\t\t\t<\/div>\n\t\t\t\t<\/a>\n\t\t<a class=\"elementor-element elementor-element-28912758 e-con-full e-flex e-con e-child\" data-id=\"28912758\" data-element_type=\"container\" data-e-type=\"container\" data-settings=\"{&quot;background_background&quot;:&quot;classic&quot;}\" href=\"http:\/\/stowarzyszeniemost.pl\/index.php\/biennale_most\/\">\n\t\t\t\t<\/a>\n\t\t<div class=\"elementor-element elementor-element-564adaad e-con-full elementor-hidden-mobile e-flex e-con e-child\" data-id=\"564adaad\" data-element_type=\"container\" data-e-type=\"container\" data-settings=\"{&quot;background_background&quot;:&quot;classic&quot;}\">\n\t\t\t\t<\/div>\n\t\t\t\t\t<\/div>\n\t\t\t\t<\/div>\n\t\t<div class=\"elementor-element elementor-element-017d14a e-flex e-con-boxed e-con e-parent\" data-id=\"017d14a\" data-element_type=\"container\" data-e-type=\"container\">\n\t\t\t\t\t<div class=\"e-con-inner\">\n\t\t\t\t\t<\/div>\n\t\t\t\t<\/div>\n\t\t\t\t<\/div>\n\t\t","protected":false},"excerpt":{"rendered":"<p>W pierwszych tygodniach 2024 roku mogli\u015bmy ju\u017c naocznie przekona\u0107 si\u0119, \u017ce podkop pod mostem kolejowym &#8211; przeciw kt\u00f3remu protestowali\u015bmy &#8211; jest faktem. Przestrze\u0144 wok\u00f3\u0142 mostu kolejowego zmieni si\u0119&#8230; I b\u0119d\u0105 to zmiany &#8211; z punktu widzenia pieszych czy rowerzyst\u00f3w &#8211; fatalne. Podkop oznacza, \u017ce trudniej b\u0119dzie przej\u015b\u0107 przez jezdni\u0119 w tym miesjcu, wymusza te\u017c mniej [&hellip;]<\/p>\n","protected":false},"author":1,"featured_media":0,"parent":0,"menu_order":0,"comment_status":"closed","ping_status":"closed","template":"elementor_header_footer","meta":{"footnotes":""},"class_list":["post-1368","page","type-page","status-publish","hentry"],"_links":{"self":[{"href":"https:\/\/stowarzyszeniemost.pl\/index.php\/wp-json\/wp\/v2\/pages\/1368","targetHints":{"allow":["GET"]}}],"collection":[{"href":"https:\/\/stowarzyszeniemost.pl\/index.php\/wp-json\/wp\/v2\/pages"}],"about":[{"href":"https:\/\/stowarzyszeniemost.pl\/index.php\/wp-json\/wp\/v2\/types\/page"}],"author":[{"embeddable":true,"href":"https:\/\/stowarzyszeniemost.pl\/index.php\/wp-json\/wp\/v2\/users\/1"}],"replies":[{"embeddable":true,"href":"https:\/\/stowarzyszeniemost.pl\/index.php\/wp-json\/wp\/v2\/comments?post=1368"}],"version-history":[{"count":19,"href":"https:\/\/stowarzyszeniemost.pl\/index.php\/wp-json\/wp\/v2\/pages\/1368\/revisions"}],"predecessor-version":[{"id":1392,"href":"https:\/\/stowarzyszeniemost.pl\/index.php\/wp-json\/wp\/v2\/pages\/1368\/revisions\/1392"}],"wp:attachment":[{"href":"https:\/\/stowarzyszeniemost.pl\/index.php\/wp-json\/wp\/v2\/media?parent=1368"}],"curies":[{"name":"wp","href":"https:\/\/api.w.org\/{rel}","templated":true}]}}

<div data-elementor-type="wp-page" data-elementor-id="1368" class="elementor elementor-1368">
				<div class="elementor-element elementor-element-2513c5c5 e-flex e-con-boxed e-con e-parent" data-id="2513c5c5" data-element_type="container" data-e-type="container" data-settings="{&quot;background_background&quot;:&quot;classic&quot;}">
					<div class="e-con-inner">
		<div class="elementor-element elementor-element-1ff74d2c e-con-full elementor-hidden-mobile e-flex e-con e-child" data-id="1ff74d2c" data-element_type="container" data-e-type="container" data-settings="{&quot;background_background&quot;:&quot;classic&quot;}">
				</div>
		<div class="elementor-element elementor-element-531c7354 e-con-full e-flex e-con e-child" data-id="531c7354" data-element_type="container" data-e-type="container" data-settings="{&quot;background_background&quot;:&quot;classic&quot;}">
				<div class="elementor-element elementor-element-6cdbb8c0 elementor-widget elementor-widget-text-editor" data-id="6cdbb8c0" data-element_type="widget" data-e-type="widget" data-widget_type="text-editor.default">
				<div class="elementor-widget-container">
									W pierwszych tygodniach 2024 roku mogliśmy już naocznie przekonać się, że podkop pod mostem kolejowym &#8211; przeciw któremu protestowaliśmy &#8211; jest faktem. Przestrzeń wokół mostu kolejowego zmieni się&#8230; I będą to zmiany &#8211; z punktu widzenia pieszych czy rowerzystów &#8211; fatalne. 

Podkop oznacza, że trudniej będzie przejść przez jezdnię w tym miesjcu, wymusza też mniej bezpieczne rozwiązania dla rowerzystów, na dodatek na popularnym szlaku rowerowym Green Velo. Obniżenie jezdni oznacza bowiem konieczność postawienia barierki zabezpieczającej przed wypadnięciem ze ścieżki. Nikomu, kto jeździ rowerem &#8211; szczególnie po miejscach chętnie eksplorowanych przez pieszych i rowerzystów &#8211; nie trzeba tłumaczyć, jak upiorne i irytujące są takie rozwiązania&#8230;

Dlatego właśnie chcemy wymusić na urzędnikach magistratu czy Zarządu Dróg Miejskich obowiązek konsultacji społecznych, przed projektowaniem zmian w ważnej dla mieszkańców przestrzeni miasta i podejmujemy inicjatywę uchwałodawczą.
								</div>
				</div>
				</div>
		<div class="elementor-element elementor-element-68883bbd e-con-full elementor-hidden-mobile e-flex e-con e-child" data-id="68883bbd" data-element_type="container" data-e-type="container" data-settings="{&quot;background_background&quot;:&quot;classic&quot;}">
				</div>
					</div>
				</div>
		<div class="elementor-element elementor-element-79441c35 e-flex e-con-boxed e-con e-parent" data-id="79441c35" data-element_type="container" data-e-type="container" data-settings="{&quot;background_background&quot;:&quot;classic&quot;}">
					<div class="e-con-inner">
		<div class="elementor-element elementor-element-4c5b7642 e-con-full elementor-hidden-mobile e-flex e-con e-child" data-id="4c5b7642" data-element_type="container" data-e-type="container" data-settings="{&quot;background_background&quot;:&quot;classic&quot;}">
				</div>
		<a class="elementor-element elementor-element-50097299 e-con-full e-flex e-con e-child" data-id="50097299" data-element_type="container" data-e-type="container" data-settings="{&quot;background_background&quot;:&quot;classic&quot;}" href="https://stowarzyszeniemost.pl/index.php/uchwala/">
		<div class="elementor-element elementor-element-712cbe0b e-flex e-con-boxed e-con e-child" data-id="712cbe0b" data-element_type="container" data-e-type="container">
					<div class="e-con-inner">
				<div class="elementor-element elementor-element-46d06b08 elementor-widget elementor-widget-heading" data-id="46d06b08" data-element_type="widget" data-e-type="widget" data-widget_type="heading.default">
				<div class="elementor-widget-container">
					<h5 class="elementor-heading-title elementor-size-default">
CZAS NA UCHWAŁĘ!</h5>				</div>
				</div>
				<div class="elementor-element elementor-element-2e557e1b elementor-widget elementor-widget-text-editor" data-id="2e557e1b" data-element_type="widget" data-e-type="widget" data-widget_type="text-editor.default">
				<div class="elementor-widget-container">
									<p>Po raz pierwszy w historii Przemyśla korzystamy z instrumentu, jakim jest obywatelska inicjatywa uchwałodawcza. Co najmniej 300 podpisów pozwoli wprowadzić społeczny projekt na sesję Rady Miejskiej w Przemyślu</p>								</div>
				</div>
					</div>
				</div>
				<div class="elementor-element elementor-element-65062f90 elementor-view-default elementor-widget elementor-widget-icon" data-id="65062f90" data-element_type="widget" data-e-type="widget" data-widget_type="icon.default">
				<div class="elementor-widget-container">
							<div class="elementor-icon-wrapper">
			<div class="elementor-icon">
			<svg xmlns="http://www.w3.org/2000/svg" xmlns:xlink="http://www.w3.org/1999/xlink" id="Layer_1" x="0px" y="0px" viewBox="0 0 57.46 46.61" style="enable-background:new 0 0 57.46 46.61;" xml:space="preserve"><style type="text/css">	.st0{fill:#1D1D1B;}</style><g>	<rect y="19.55" class="st0" width="52.21" height="7.5"></rect>			<rect x="39.4" y="-2.17" transform="matrix(0.7071 -0.7071 0.7071 0.7071 2.5253 34.7034)" class="st0" width="7.5" height="32.96"></rect>			<rect x="26.68" y="28.55" transform="matrix(0.7071 -0.7071 0.7071 0.7071 -10.2026 39.9754)" class="st0" width="32.96" height="7.5"></rect></g></svg>			</div>
		</div>
						</div>
				</div>
				</a>
		<a class="elementor-element elementor-element-28912758 e-con-full e-flex e-con e-child" data-id="28912758" data-element_type="container" data-e-type="container" data-settings="{&quot;background_background&quot;:&quot;classic&quot;}" href="http://stowarzyszeniemost.pl/index.php/biennale_most/">
				</a>
		<div class="elementor-element elementor-element-564adaad e-con-full elementor-hidden-mobile e-flex e-con e-child" data-id="564adaad" data-element_type="container" data-e-type="container" data-settings="{&quot;background_background&quot;:&quot;classic&quot;}">
				</div>
					</div>
				</div>
		<div class="elementor-element elementor-element-017d14a e-flex e-con-boxed e-con e-parent" data-id="017d14a" data-element_type="container" data-e-type="container">
					<div class="e-con-inner">
					</div>
				</div>
				</div>

<p>W pierwszych tygodniach 2024 roku mogliśmy już naocznie przekonać się, że podkop pod mostem kolejowym &#8211; przeciw któremu protestowaliśmy &#8211; jest faktem. Przestrzeń wokół mostu kolejowego zmieni się&#8230; I będą to zmiany &#8211; z punktu widzenia pieszych czy rowerzystów &#8211; fatalne. Podkop oznacza, że trudniej będzie przejść przez jezdnię w tym miesjcu, wymusza też mniej [&hellip;]</p>
